 common divisor of 20 and 1340?
20
What is the greatest common factor of 1206 and 670?
134
What is the highest common factor of 26 and 650?
26
Calculate the highest common factor of 2895 and 180.
15
Calculate the highest common factor of 24 and 696.
24
Calculate the greatest common divisor of 40 and 9600.
40
Calculate the highest common factor of 828 and 162.
18
What is the greatest common divisor of 20 and 4?
4
Calculate the greatest common divisor of 110 and 13145.
55
What is the highest common divisor of 1100 and 1500?
100
What is the greatest common factor of 52 and 36?
4
What is the highest common factor of 224 and 154?
14
Calculate the greatest common divisor of 4752 and 168.
24
Calculate the greatest common factor of 118 and 2360.
118
What is the highest common factor of 60 and 1068?
12
Calculate the greatest common divisor of 16 and 16.
16
Calculate the greatest common factor of 63 and 45.
9
What is the greatest common divisor of 7 and 217?
7
Calculate the highest common factor of 4 and 148.
4
Calculate the highest common divisor of 2335 and 50.
5
Calculate the highest common divisor of 1 and 54.
1
Calculate the greatest common divisor of 93 and 31.
31
Calculate the greatest common factor of 47 and 2773.
47
Calculate the highest common factor of 49 and 11907.
49
Calculate the greatest common factor of 264 and 165.
33
What is the greatest common factor of 2716 and 896?
28
What is the highest common divisor of 87 and 29?
29
What is the greatest common factor of 297 and 1269?
27
What is the highest common divisor of 248 and 16?
8
What is the highest common divisor of 46 and 1357?
23
What is the highest common factor of 259 and 21?
7
What is the greatest common factor of 3614 and 26?
26
What is the greatest common divisor of 4086 and 12?
6
What is the greatest common divisor of 14 and 322?
14
Calculate the highest common factor of 115 and 46.
23
Calculate the greatest common divisor of 570 and 45.
15
Calculate the greatest common divisor of 42 and 294.
42
What is the highest common factor of 19 and 23?
1
Calculate the highest common factor of 1022 and 4.
2
Calculate the greatest common factor of 1 and 4460.
1
What is the highest common factor of 192 and 2176?
64
What is the highest common divisor of 581 and 133?
7
What is the greatest common divisor of 12 and 1980?
12
What is the greatest common factor of 50 and 450?
50
What is the highest common divisor of 29 and 2929?
29
What is the highest common factor of 10 and 810?
10
Calculate the greatest common factor of 12 and 372.
12
Calculate the greatest common divisor of 632 and 8.
8
Calculate the highest common divisor of 3330 and 105.
15
What is the highest common divisor of 165 and 120?
15
Calculate the greatest common factor of 60 and 5805.
15
What is the highest common factor of 184 and 253?
23
Calculate the highest common divisor of 1400 and 11480.
280
Calculate the highest common divisor of 2432 and 171.
19
What is the greatest common divisor of 130 and 70?
10
What is the highest common divisor of 26 and 14898?
26
Calculate the highest common divisor of 4 and 3.
1
What is the highest common factor of 200 and 150?
50
Calculate the greatest common divisor of 1591 and 3483.
43
Calculate the highest common factor of 96 and 188.
4
What is the highest common divisor of 6 and 894?
6
Calculate the highest common factor of 477 and 53.
53
Calculate the highest common factor of 216 and 2916.
108
Calculate the highest common factor of 1648 and 515.
103
What is the greatest common factor of 918 and 204?
102
Calculate the greatest common factor of 87 and 6351.
87
Calculate the greatest common factor of 11303 and 762.
127
What is the greatest common divisor of 6 and 404?
2
Calculate the greatest common factor of 1353 and 369.
123
Calculate the greatest common factor of 78 and 104.
26
Calculate the highest common factor of 693 and 243.
9
What is the greatest common factor of 1650 and 176?
22
Calculate the highest common factor of 15 and 195.
15
What is the greatest common divisor of 1304 and 7335?
163
Calculate the highest common factor of 26 and 8.
2
Calculate the highest common divisor of 221 and 949.
13
What is the highest common divisor of 434 and 14?
14
Calculate the highest common factor of 8 and 2344.
8
What is the greatest common divisor of 36 and 8?
4
What is the highest common divisor of 44 and 6556?
44
Calculate the greatest common divisor of 550 and 100.
50
Calculate the highest common divisor of 24250 and 250.
250
Calculate the greatest common divisor of 168 and 453.
3
Calculate the highest common divisor of 810 and 945.
135
Calculate the highest common factor of 87 and 20271.
87
Calculate the highest common divisor of 243 and 1296.
81
Calculate the highest common divisor of 340 and 8180.
20
What is the greatest common factor of 22 and 54?
2
Calculate the greatest common divisor of 14 and 14854.
14
What is the greatest common factor of 60 and 72?
12
What is the highest common factor of 5904 and 64?
16
Calculate the greatest common factor of 90689 and 23.
23
What is the highest common factor of 17 and 323?
17
Calculate the greatest common divisor of 6 and 354.
6
Calculate the greatest common divisor of 252 and 1404.
36
Calculate the greatest common divisor of 39 and 13377.
39
Calculate the greatest common factor of 14 and 161.
7
What is the highest common divisor of 28 and 112?
28
What is the greatest common divisor of 95 and 9785?
95
What is the greatest common factor of 162 and 4?
2
Calculate the highest common divisor of 850 and 102.
34
Calculate the greatest common factor of 275 and 21.
1
What is the highest common divisor of 5617 and 246?
41
What is the highest common factor of 135 and 60?
15
Calculate the highest common factor of 990 and 2574.
198
Calculate the greatest common divisor of 715 and 793.
13
What is the greatest common divisor of 157 and 22?
1
What is the highest common divisor of 18 and 22?
2
Calculate the highest common divisor of 40 and 130.
10
What is the greatest common divisor of 12243 and 21?
21
What is the greatest common factor of 32 and 136?
8
What is the highest common factor of 9933 and 231?
231
Calculate the highest common factor of 22 and 99.
11
Calculate the highest common factor of 616 and 84.
28
Calculate the highest common factor of 55 and 2035.
55
What is the greatest common factor of 18105 and 255?
255
Calculate the greatest common divisor of 24 and 64.
8
Calculate the highest common factor of 209 and 304.
19
Calculate the highest common divisor of 34 and 4.
2
Calculate the greatest common factor of 102 and 4131.
51
Calculate the greatest common divisor of 10 and 2720.
10
Calculate the greatest common divisor of 13 and 455.
13
Calculate the greatest common factor of 2 and 1031.
1
What is the highest common divisor of 192 and 24?
24
What is the greatest common divisor of 4416 and 276?
276
What is the greatest common divisor of 810 and 10?
10
What is the greatest common factor of 34 and 629?
17
Calculate the greatest common divisor of 4432 and 16.
16
What is the greatest common divisor of 3 and 31?
1
Calculate the highest common divisor of 27 and 189.
27
Calculate the highest common divisor of 513 and 95.
19
Calculate the greatest common factor of 190 and 2014.
38
Calculate the greatest common factor of 22 and 1133.
11
What is the greatest common divisor of 3859 and 272?
17
What is the highest common factor of 69 and 46?
23
Calculate the greatest common factor of 7 and 15169.
7
Calculate the highest common factor of 21 and 1155.
21
What is the greatest common divisor of 92 and 3013?
23
What is the greatest common factor of 80 and 24?
8
What is the greatest common divisor of 200 and 8?
8
What is the greatest common divisor of 3096 and 5848?
344
What is the greatest common divisor of 1368 and 3024?
72
Calculate the greatest common factor of 66 and 27.
3
Calculate the greatest common divisor of 114 and 532.
38
What is the highest common factor of 4873 and 11?
11
What is the greatest common factor of 160 and 8480?
160
What is the highest common factor of 427 and 14?
7
What is the highest common divisor of 18 and 1386?
18
What is the highest common factor of 7 and 35?
7
What is the highest common factor of 3 and 2661?
3
What is the greatest common diviso